m + 1. Let d be (2 + -4)*(2 - 4). Suppose -2*o - 2 = d. What is h(o)?
-4
Let q(s) be the second derivative of s**3/3 + 26*s. Calculate q(-3).
-6
Let o(g) = g**3 - g**2 + 4*g - 3*g - 2*g**2 + g. Suppose -2*h - 2*l + 0*l + 8 = 0, -5*l - 4 = -3*h. Give o(h).
6
Suppose -19 = -5*s - 0*p + p, 4*s = -4*p - 4. Suppose -3*y - s = -3*f - 12, 2*y = -2*f - 10. Let j(w) = 4*w**3 + w. Determine j(y).
-5
Let n(s) = -6 + 3 + 4 - s + 0. What is n(6)?
-5
Let n(r) be the second derivative of r**4/12 + r**3 - 3*r**2/2 - r. What is n(-5)?
-8
Let j(c) = c**3 - c + 4*c**3 + 0*c**3 - 6*c**3. Calculate j(-1).
2
Let r(j) = -j + 4*j - 2*j + 0*j - 3. Determine r(3).
0
Let l(b) = b**2 - 6*b + 7. Let s(n) = -3*n**2 + 19*n - 22. Let v(k) = -8*l(k) - 3*s(k). Give v(7).
-4
Suppose 31 - 35 = v. Let x(t) = t**3 + 5*t**2 + t + 3. Give x(v).
15
Let r(y) = y**3 - 4*y**2 - y - 2. Let n be r(4). Let f(i) = i - 3. Let p(q) = -q + 4. Let m(t) = n*f(t) - 5*p(t). Give m(-3).
1
Let h(x) be the first derivative of x**3 + x**2 - x + 6. Determine h(2).
15
Let c(f) = -29*f + 2 + 63*f + 1 - 33*f. What is c(8)?
11
Let y(p) = -p - 1. Let g(s) = 5*s. Let a(f) = g(f) + 4*y(f). Determine a(5).
1
Suppose 1 - 21 = -3*p - 5*k, 3*p - 5*k + 20 = 0. Let a = 13 + -10. Let d(x) = a*x**2 + p*x**2 - 4*x**2 - 5*x - 3. Calculate d(-5).
-3
Suppose 4*m = -m + 10. Suppose 0*p = m*p - 12. Let k(j) = -9*j + 5. Let h(t) = 5*t - 3. Let a(z) = -11*h(z) - 6*k(z). Calculate a(p).
-3
Let c be (-3 + 12/(-6))*1. Let o(l) = -l**2 - 5*l + 1. Determine o(c).
1
Suppose -2*k + y + 6 = 0, 2*k = -0*k - 2*y - 6. Let q(t) = 3*t - 4*t + 3 - k. What is q(2)?
0
Let o(k) be the second derivative of k**3/6 - 2*k**2 + 7*k. Determine o(4).
0
Let i(j) = -j + 1. Let u = 2 + 4. Give i(u).
-5
Let l = -1 + 3. Let h be -3*(16/(-6))/l. Let x(r) be the first derivative of -r**2/2 - 2*r - 1. Determine x(h).
-6
Suppose 3*l - 4*l = 0. Let c(j) = -j**3 - j**2 + j + 10. Give c(l).
10
Suppose -49*h + 64*h = -45. Let u(f) be the second derivative of -f**3/6 - 2*f**2 - f. Determine u(h).
-1
Let z(x) = -2*x + 7. Let d be z(6). Let q(u) = u**2 + 6*u + 1. Let f be q(d). Let o be 4/6*(-6)/f. Let v(w) = -2*w + 1. Give v(o).
-1
Let u(a) be the first derivative of -a**7/840 + a**6/72 - a**5/24 + a**4/8 - a**3/3 - 5. Let w(h) be the third derivative of u(h). Calculate w(3).
6
Let p be -15 + 14 + (-6)/(-2). Let c(x) = -5*x + 4 + p + 4*x. Determine c(-5).
11
Let k(h) be the second derivative of h**4/12 + h**3/3 + h**2/2 + h. Let f(a) = a**3 + 10*a**2 - 2*a - 24. Let x be f(-10). Give k(x).
9
Let q be 4/6 + (-22)/6. Let j(z) = z**2 + 4*z + 3. Let i be j(-3). Let l(s) = -4*s + 0*s**2 - s**2 + 5*s + i*s + 2. What is l(q)?
-10
Let k(v) = v**3 - 5*v**2 + 2*v - 5. Let t be 3 + 2*(-51)/6. Let f = -9 - t. Calculate k(f).
5
Let w = -2 + 4. Let o be (12/(-8))/((-1)/w). Let p(b) = b - b**2 + o*b - b - 4*b + 2. Give p(-3).
-4
Let g be 3/(-18) + 0 + (-92)/24. Let y(a) = a**3 - a**2 - a. Let b(o) = -7*o**3 + o**2 + 4*o + 1. Let h(q) = b(q) + 6*y(q). Determine h(g).
-7
Let v(r) be the first derivative of -r**4/4 - r**3/3 + r + 20. What is v(1)?
-1
Let u(t) = t - 9. Let i be u(7). Let w be (5 - 5)/(i/(-2)). Let c(h) = -h**2 + h - 3. Give c(w).
-3
Let o(v) be the first derivative of v**2 + 5*v - 15. Let j be 2/3 - (-29)/(-3). Let p = -13 - j. Determine o(p).
-3
Let o(q) = -q - 2. Suppose z + 11 + 9 = 0. Let x be z/(-7)*7/2. Suppose -x = 3*k - k. Calculate o(k).
3
Let h(p) be the first derivative of -5 + 5*p - 1/3*p**3 + 0*p**2. Determine h(0).
5
Let d(l) be the third derivative of -l**6/120 + 2*l**5/15 - 7*l**4/24 - 4*l**3/3 - l**2. Determine d(7).
-8
Suppose -2*l - 3*l = 40. Let w be 1 - 1/(2/l). Let f(o) = -o**3 + 6*o**2 - 7*o + 3. Calculate f(w).
-7
Let x(l) = -3*l**2 + 6*l + 4. Let f = -18 + 16. Let r(z) = -4*z**2 + 7*z + 3. Let q(j) = f*r(j) + 3*x(j). What is q(5)?
1
Let g = 18 - 10. Let h(v) = v + 10. Calculate h(g).
18
Suppose -3*j + 4 + 5 = 0. Let f(x) = -7*x + 3. Let h(b) = 15*b - 7. Let i(l) = 13*f(l) + 6*h(l). Calculate i(j).
-6
Let f(a) = -a**2 + 9*a - 7. Let m be f(7). Let b(q) = -q**3 + 8*q**2 - 4*q - 9. Give b(m).
12
Let t = -16 + 14. Let d(x) = -x + 4*x - 3*x - 2*x - x**2. What is d(t)?
0
Let q(w) be the third derivative of w**6/120 + w**5/10 + w**4/6 + 4*w**3/3 + 2*w**2. What is q(-6)?
-16
Let x(j) = 16*j**2 - 25*j**2 + 3*j + j + 1 - 3*j. Give x(-1).
-9
Let a(b) = b - 6. Suppose -3*q + 9 = -3. Let z be a(q). Let g(r) be the second derivative of -r**5/20 + r**3/2 + r**2/2 - 9*r. Determine g(z).
3
Let p(k) = 4*k**2 - 1. Let z be p(-1). Suppose -l - 6 = -z*l. Let i(x) = 2*x**3 + 0*x**2 - 3 - x**l - 4*x**2 + 4*x. Calculate i(3).
0
Let t(i) = 6*i**3 - 3*i**2 + 3*i + 2. Let y(w) = -7*w**3 + 4*w**2 - 4*w - 2. Let a(c) = -5*t(c) - 4*y(c). Suppose 4*d = 5*d - 4. Let g = d - 6. What is a(g)?
8
Let v(g) = -g - 3. Suppose 4*p = 2*u - 16, -5*u - 3 = 5*p - 13. Let k = 0 + u. Calculate v(k).
-7
Let o(p) be the second derivative of p**3/6 + 3*p**2 - 5*p. Let s(f) = f**3 + 3*f**2 + f + 3. Let b be s(-3). Calculate o(b).
6
Let y(n) = 3*n + 1. Suppose 0 = -p + 5, 4*b = 5*p + 1 - 10. Suppose -14 = -2*v - 5*w, -b*w + 2*w + 8 = 0. Determine y(v).
-8
Let m(s) = 7*s + 15. Let x(a) = 12*a + 29. Let p(r) = -5*m(r) + 3*x(r). Determine p(-9).
3
Let j(p) = 5*p + 6. Let x(i) = 15*i + 17. Let o(y) = -11*j(y) + 4*x(y). What is o(-2)?
-8
Let u(f) = 5*f**2 + 6*f - 4*f**2 + 15 - 25 + 0*f**2. Calculate u(-8).
6
Let y(d) be the second derivative of d**3/6 - d**2/2 + 3*d. Let z(r) = r - 5. Let u(b) = -3*y(b) + z(b). Let k be (-20)/(-6) + 2/(-6). Determine u(k).
-8
Let m(l) = -7*l - 1. Let h = -141 + 140. What is m(h)?
6
Let f = -21 - -24. Let b(u) = u**3 - 2*u**2 - 1. Determine b(f).
8
Let s(l) = l**2 + 9*l + 17. Let g be s(-11). Let a(y) = -2*y**2 + 36*y - g*y - y**3 - 3*y**2. Suppose -18 = 2*x + 4*t, 3*t = 5*x + 2*t + 12. What is a(x)?
-9
Let q(g) = -6*g**3 + 5*g**2 + 7 + 5*g**3 - 2 - 4*g + 0. Let i be q(4). Let w(s) be the first derivative of -s**2/2 + 5*s + 2. Determine w(i).
0
Let f(v) be the second derivative of -v**6/240 - 7*v**4/12 - 3*v. Let y(k) be the third derivative of f(k). Give y(-5).
15
Let l(g) = 2*g - 7. Let x be l(3). Let q(t) = -9*t**2 - 2*t + 5. Let m(a) = 9*a**2 + 2*a - 4. Let j(y) = -6*m(y) - 5*q(y). Determine j(x).
-8
Let f = 1 + 2. Suppose -3*q + 2*l = -5, -f*l + 4 - 5 = 2*q. Let d = -3 + q. Let j(s) = s**3 + 5*s**2 + 3*s + 3. Give j(d).
9
Let i(u) = u + 1. Suppose j + 5*h = -29, -3*j = -2*j - h - 1. Calculate i(j).
-3
Let n(o) = o + 3. Let h(g) be the third derivative of -g**4/24 - 11*g**3/6 - 3*g**2. Let x be h(-11). Determine n(x).
3
Let x = 11 - 13. Let z(h) = -h**3 - 2*h**2 - 2*h. Let i be z(x). Let d(k) = k + 1. Let q(v) = 2*v + 3. Let y(p) = d(p) - q(p). What is y(i)?
-6
Let n(x) = -7*x - 5. Let i(w) = w + 7. Let b(t) = -t - 6. Let o(h) = 6*b(h) + 5*i(h). Let y(r) = n(r) - 6*o(r). Calculate y(-3).
4
Let q be (-1 + 0)/((-11)/44). Let a(l) = 3 - q - l - l + 2. Let h = 4 + 0. What is a(h)?
-7
Let o(h) = h**2 + h - 1. Let k(p) = 10*p - 7. Let v(a) = k(a) - o(a). Determine v(6).
12
Let i(n) = -n - 8. Let d = 134 - 143. Determine i(d).
1
Let d(g) be the second derivative of g**5/2 + g**4/12 - g**3/6 - 3*g. Give d(1).
10
Let g = 7 - -10. Suppose o - g = 4*l + l, -11 = 2*l + o. Let j(d) = -d**3 - 5*d**2 - 6*d - 3. Calculate j(l).
5
Let x(p) = -7*p - 1 + 0*p**3 + 3*p**2 - 7*p**2 + p**3 + 4*p. Give x(3).
-19
Let g be ((-14)/(-21))/((-2)/6). Let x be 2/2 + (-1 - -2). Let p(a) = a + x + 3 - 4. Give p(g).
-1
Let k(f) = f**3 - 4*f**2 - 8*f + 7. Let h be (-1)/3 - 49/(-21). Let z = h - 0. Suppose -4*n - z = -22. Calculate k(n).
-8
Let k(m) = -m**3 - 3*m**2 + 3*m - 3. Suppose -3*v = -3*g, 0 = -5*g + 2*v - 9. Calculate k(g).
-12
Let m(d) = d - 3. Let s(l) = l - 1. Let o(t) = 4*m(t) - 7*s(t). Determine o(-5).
10
Let n(h) = -5*h**2 + h - 4. Let v(p) = -9*p**2 + p - 8. Suppose -8 = -3*u + r + r, -u + 2*r = 4. Let t(w) = u*v(w) - 11*n(w). What is t(4)?
-8
Let h(s) = -1. Let v(j) = j - 7. Let n(p) = 18*h(p) - 2*v(p). Calculate n(-6).
8
Let t(s) = 9 + 2*s - 10 - s + 29. Calculate t(0).
28
Let p be -4 + 2 - (-5 - -7). Let m(b) = 2*b**2 + 6*b + 5. Calculate m(p).
13
Let m(z) = -11*z + 1. Let x(y) = 6*y - 1. Let h(c) = 4*m(c) + 7*x(c). Let f(u) = 2*u + 6. Let k be f(-4). Give h(k).
1
Let x(